.
10
What is the remainder when 399 is divided by 96?
15
What is the remainder when 38 is divided by 11?
5
What is the remainder when 526 is divided by 16?
14
Calculate the remainder when 11422 is divided by 102.
100
What is the remainder when 926 is divided by 158?
136
What is the remainder when 1207 is divided by 145?
47
Calculate the remainder when 445 is divided by 203.
39
Calculate the remainder when 233 is divided by 27.
17
What is the remainder when 100 is divided by 13?
9
What is the remainder when 1131 is divided by 93?
15
What is the remainder when 781 is divided by 56?
53
What is the remainder when 727 is divided by 181?
3
What is the remainder when 263 is divided by 67?
62
Calculate the remainder when 1867 is divided by 117.
112
Calculate the remainder when 593 is divided by 194.
11
What is the remainder when 3862 is divided by 28?
26
Calculate the remainder when 3860 is divided by 24.
20
What is the remainder when 883 is divided by 15?
13
Calculate the remainder when 649 is divided by 50.
49
Calculate the remainder when 260 is divided by 22.
18
What is the remainder when 431 is divided by 24?
23
Calculate the remainder when 16057 is divided by 159.
157
What is the remainder when 93 is divided by 27?
12
What is the remainder when 360 is divided by 23?
15
Calculate the remainder when 1090 is divided by 42.
40
Calculate the remainder when 154 is divided by 54.
46
Calculate the remainder when 276 is divided by 48.
36
What is the remainder when 103 is divided by 63?
40
Calculate the remainder when 22 is divided by 4.
2
Calculate the remainder when 362 is divided by 168.
26
Calculate the remainder when 75 is divided by 26.
23
Calculate the remainder when 65 is divided by 56.
9
Calculate the remainder when 882 is divided by 59.
56
Calculate the remainder when 78 is divided by 53.
25
What is the remainder when 250 is divided by 46?
20
What is the remainder when 1636 is divided by 78?
76
What is the remainder when 115 is divided by 17?
13
Calculate the remainder when 1466 is divided by 42.
38
Calculate the remainder when 202 is divided by 63.
13
What is the remainder when 487 is divided by 173?
141
Calculate the remainder when 169 is divided by 2.
1
Calculate the remainder when 355 is divided by 112.
19
What is the remainder when 104 is divided by 38?
28
What is the remainder when 149 is divided by 17?
13
What is the remainder when 70 is divided by 8?
6
Calculate the remainder when 320 is divided by 27.
23
What is the remainder when 1145 is divided by 23?
18
What is the remainder when 303 is divided by 140?
23
Calculate the remainder when 7 is divided by 3.
1
Calculate the remainder when 736 is divided by 9.
7
What is the remainder when 647 is divided by 40?
7
What is the remainder when 273 is divided by 109?
55
Calculate the remainder when 96 is divided by 86.
10
What is the remainder when 2443 is divided by 94?
93
Calculate the remainder when 1116 is divided by 5.
1
What is the remainder when 11563 is divided by 770?
13
Calculate the remainder when 133 is divided by 29.
17
What is the remainder when 14888 is divided by 17?
13
What is the remainder when 10996 is divided by 51?
31
Calculate the remainder when 796 is divided by 148.
56
What is the remainder when 92 is divided by 5?
2
Calculate the remainder when 99 is divided by 34.
31
What is the remainder when 446 is divided by 102?
38
What is the remainder when 222 is divided by 13?
1
What is the remainder when 6409 is divided by 14?
11
Calculate the remainder when 768 is divided by 272.
224
What is the remainder when 299 is divided by 16?
11
What is the remainder when 1382 is divided by 64?
38
What is the remainder when 285 is divided by 12?
9
Calculate the remainder when 546 is divided by 546.
0
What is the remainder when 228 is divided by 43?
13
Calculate the remainder when 253 is divided by 24.
13
What is the remainder when 160 is divided by 75?
10
Calculate the remainder when 341 is divided by 48.
5
What is the remainder when 295 is divided by 99?
97
Calculate the remainder when 45 is divided by 26.
19
Calculate the remainder when 114 is divided by 11.
4
What is the remainder when 380 is divided by 167?
46
What is the remainder when 462 is divided by 257?
205
Calculate the remainder when 22 is divided by 8.
6
What is the remainder when 131 is divided by 34?
29
Calculate the remainder when 12227 is divided by 20.
7
Calculate the remainder when 1992 is divided by 35.
32
Calculate the remainder when 131 is divided by 24.
11
What is the remainder when 18686 is divided by 73?
71
What is the remainder when 906 is divided by 57?
51
What is the remainder when 375 is divided by 9?
6
Calculate the remainder when 2562 is divided by 45.
42
What is the remainder when 2549 is divided by 2546?
3
Calculate the remainder when 222 is divided by 211.
11
Calculate the remainder when 15550 is divided by 12.
10
What is the remainder when 192 is divided by 28?
24
What is the remainder when 2687 is divided by 42?
41
What is the remainder when 638 is divided by 622?
16
Calculate the remainder when 272 is divided by 83.
23
What is the remainder when 1051 is divided by 39?
37
Calculate the remainder when 750 is divided by 16.
14
What is the remainder when 677 is divided by 68?
65
Calculate the remainder when 218 is divided by 38.
28
What is the remainder when 8829 is divided by 57?
51
What is the remainder when 1072 is divided by 27?
19
What is the remainder when 309 is divided by 8?
5
What is the remainder when 1438 is divided by 159?
7
What is the remainder when 103 is divided by 35?
33
What is the remainder when 79 is divided by 7?
2
Calculate the remainder when 1748 is divided by 10.
8
What is the remainder when 535 is divided by 36?
31
What is the remainder when 1574 is divided by 83?
80
What is the remainder when 235 is divided by 230?
5
What is the remainder when 529 is divided by 133?
130
What is the remainder when 829 is divided by 208?
205
What is the remainder when 2650 is divided by 45?
40
What is the remainder when 277 is divided by 36?
25
What is the remainder when 197 is divided by 13?
2
What is the remainder when 1802 is divided by 44?
42
What is the remainder when 1138 is divided by 114?
112
What is the remainder when 367 is divided by 31?
26
Calculate the remainder when 130 is divided by 34.
28
Calculate the remainder when 1248 is divided by 125.
123
Calculate the remainder when 166 is divided by 8.
6
Calculate the remainder when 52 is divided by 1.
0
Calculate the remainder when 1187 is divided by 591.
5
Calculate the remainder when 762 is divided by 96.
90
What is the remainder when 4620 is divided by 136?
132
Calculate the remainder when 1855 is divided by 8.
7
Calculate the remainder when 381 is divided by 77.
73
Calculate the remainder when 20 is divided by 11.
9
What is the remainder when 627 is divided by 8?
3
What is the remainder when 70 is divided by 22?
4
What is the remainder when 9709 is divided by 28?
21
Calculate the remainder when 1014 is divided by 17.
11
Calculate the remainder when 234 is divided by 52.
26
What is the remainder when 106 is divided by 38?
30
What is the remainder when 220 is divided by 83?
54
Calculate the remainder when 98 is divided by 17.
13
What is the remainder when 110 is divided by 30?
20
What is the remainder when 524 is divided by 25?
24
Calculate the remainder when 122 is divided by 79.
43
What is the remainder when 589 is divided by 192?
13
Calculate the remainder when 7386 is divided by 139.
19
Calculate the remainder when 2100 is divided by 696.
12
Calculate the remainder when 382 is divided by 78.
70
What is the remainder when 209 is divided by 106?
103
What is the remainder when 2193 is divided by 137?
1
What is the remainder when 125 is divided by 21?
20
Calculate the remainder when 215 is divided by 30.
5
Calculate the remainder when 102 is divided by 52.
50
What is the remainder when 1677 is divided by 558?
3
Calculate the remainder when 254 is divided by 12.
2
Calculate the remainder when 153 is divided by 53.
47
What is the remainder when 93 is divided by 49?
44
What is the remainder when 4461 is divided by 1483?
12
Calculate the remainder when 3191 is divided by 84.
83
Calculate the remainder when 1355 is divided by 671.
13
Calcula